{"id":3912,"date":"2023-04-18T13:22:09","date_gmt":"2023-04-18T11:22:09","guid":{"rendered":"http:\/\/videostrains.com\/videostrains\/?page_id=3912"},"modified":"2025-10-16T10:45:20","modified_gmt":"2025-10-16T08:45:20","slug":"tournus-fleurville-2022","status":"publish","type":"page","link":"https:\/\/www.videostrains.com\/index.php\/tournus-fleurville-2022\/","title":{"rendered":"Tournus &#8211; FLeurville 19 Avril 2022"},"content":{"rendered":"\t\t<div data-elementor-type=\"wp-page\" data-elementor-id=\"3912\" class=\"elementor elementor-3912\">\n\t\t\t\t\t\t<section class=\"elementor-section elementor-top-section elementor-element elementor-element-f1b487c elementor-section-boxed elementor-section-height-default elementor-section-height-default wpr-particle-no wpr-jarallax-no wpr-parallax-no wpr-sticky-section-no\" data-id=\"f1b487c\" data-element_type=\"section\" data-e-type=\"section\">\n\t\t\t\t\t\t<div class=\"elementor-container elementor-column-gap-default\">\n\t\t\t\t\t<div class=\"elementor-column elementor-col-100 elementor-top-column elementor-element elementor-element-6470c49\" data-id=\"6470c49\" data-element_type=\"column\" data-e-type=\"column\">\n\t\t\t<div class=\"elementor-widget-wrap elementor-element-populated\">\n\t\t\t\t\t\t<section class=\"elementor-section elementor-inner-section elementor-element elementor-element-f4c6d9c elementor-section-boxed elementor-section-height-default elementor-section-height-default wpr-particle-no wpr-jarallax-no wpr-parallax-no wpr-sticky-section-no\" data-id=\"f4c6d9c\" data-element_type=\"section\" data-e-type=\"section\">\n\t\t\t\t\t\t<div class=\"elementor-container elementor-column-gap-default\">\n\t\t\t\t\t<div class=\"elementor-column elementor-col-100 elementor-inner-column elementor-element elementor-element-810a533\" data-id=\"810a533\" data-element_type=\"column\" data-e-type=\"column\">\n\t\t\t<div class=\"elementor-widget-wrap elementor-element-populated\">\n\t\t\t\t\t\t<div class=\"elementor-element elementor-element-0f8a33f elementor-widget elementor-widget-heading\" data-id=\"0f8a33f\" data-element_type=\"widget\" data-e-type=\"widget\" data-widget_type=\"heading.default\">\n\t\t\t\t<div class=\"elementor-widget-container\">\n\t\t\t\t\t<h1 class=\"elementor-heading-title elementor-size-default\">Dimanche photos et vid\u00e9os ferroviaires a tournus et fleurville\nTrains sur la ligne du PLM<\/h1>\t\t\t\t<\/div>\n\t\t\t\t<\/div>\n\t\t\t\t\t<\/div>\n\t\t<\/div>\n\t\t\t\t\t<\/div>\n\t\t<\/section>\n\t\t\t\t<section class=\"elementor-section elementor-inner-section elementor-element elementor-element-2387d33 elementor-section-boxed elementor-section-height-default elementor-section-height-default wpr-particle-no wpr-jarallax-no wpr-parallax-no wpr-sticky-section-no\" data-id=\"2387d33\" data-element_type=\"section\" data-e-type=\"section\">\n\t\t\t\t\t\t<div class=\"elementor-container elementor-column-gap-default\">\n\t\t\t\t\t<div class=\"elementor-column elementor-col-100 elementor-inner-column elementor-element elementor-element-754e3e8\" data-id=\"754e3e8\" data-element_type=\"column\" data-e-type=\"column\">\n\t\t\t<div class=\"elementor-widget-wrap elementor-element-populated\">\n\t\t\t\t\t\t<div class=\"elementor-element elementor-element-ec2c6a8 e-transform elementor-widget elementor-widget-text-editor\" data-id=\"ec2c6a8\" data-element_type=\"widget\" data-e-type=\"widget\" data-settings=\"{&quot;_transform_scale_effect&quot;:{&quot;unit&quot;:&quot;px&quot;,&quot;size&quot;:1,&quot;sizes&quot;:[]},&quot;_transform_scale_effect_tablet&quot;:{&quot;unit&quot;:&quot;px&quot;,&quot;size&quot;:&quot;&quot;,&quot;sizes&quot;:[]},&quot;_transform_scale_effect_mobile&quot;:{&quot;unit&quot;:&quot;px&quot;,&quot;size&quot;:&quot;&quot;,&quot;sizes&quot;:[]}}\" data-widget_type=\"text-editor.default\">\n\t\t\t\t<div class=\"elementor-widget-container\">\n\t\t\t\t\t\t\t\t\t<p align=\"center\"><i>Voici une s\u00e9rie de photos faites en Sa\u00f4ne et Loire.<\/i><\/p><p align=\"center\"><i>Le but principal du d\u00e9placement,\u00e9tait de faire le Ouigo Classique,nouvelle circulation commerciale,<\/i><\/p><p align=\"center\"><i>ainsi que l&rsquo;Eurodual Vittel &#8211; Arles.<\/i><\/p><p align=\"center\">Ce sera \u00e9galement l&rsquo;occasion<\/p><p align=\"center\">de rencontrer l&rsquo;ami P..<\/p><p align=\"center\">qui profite de ses cong\u00e9s pour silloner la r\u00e9gion.<\/p>\t\t\t\t\t\t\t\t<\/div>\n\t\t\t\t<\/div>\n\t\t\t\t\t<\/div>\n\t\t<\/div>\n\t\t\t\t\t<\/div>\n\t\t<\/section>\n\t\t\t\t<section class=\"elementor-section elementor-inner-section elementor-element elementor-element-71b3694 elementor-section-boxed elementor-section-height-default elementor-section-height-default wpr-particle-no wpr-jarallax-no wpr-parallax-no wpr-sticky-section-no\" data-id=\"71b3694\" data-element_type=\"section\" data-e-type=\"section\">\n\t\t\t\t\t\t<div class=\"elementor-container elementor-column-gap-default\">\n\t\t\t\t\t<div class=\"elementor-column elementor-col-100 elementor-inner-column elementor-element elementor-element-d35f6cc\" data-id=\"d35f6cc\" data-element_type=\"column\" data-e-type=\"column\">\n\t\t\t<div class=\"elementor-widget-wrap elementor-element-populated\">\n\t\t\t\t\t\t<div class=\"elementor-element elementor-element-ab16859 gallery-spacing-custom elementor-widget elementor-widget-image-gallery\" data-id=\"ab16859\" data-element_type=\"widget\" data-e-type=\"widget\" data-widget_type=\"image-gallery.default\">\n\t\t\t\t<div class=\"elementor-widget-container\">\n\t\t\t\t\t\t\t<div class=\"elementor-image-gallery\">\n\t\t\t<div id='gallery-1' class='gallery galleryid-3912 gallery-columns-1 gallery-size-full'><figure class='gallery-item'>\n\t\t\t<div class='gallery-icon '>\n\t\t\t\t<a data-elementor-open-lightbox=\"yes\" data-elementor-lightbox-slideshow=\"ab16859\" data-elementor-lightbox-title=\"DJI_0852\" data-e-action-hash=\"#elementor-action%3Aaction%3Dlightbox%26settings%3DeyJpZCI6MzkzMSwidXJsIjoiaHR0cHM6XC9cL3d3dy52aWRlb3N0cmFpbnMuY29tXC93cC1jb250ZW50XC91cGxvYWRzXC8yMDIzXC8wNFwvREpJXzA4NTIuYXZpZiIsInNsaWRlc2hvdyI6ImFiMTY4NTkifQ%3D%3D\" href='https:\/\/www.videostrains.com\/wp-content\/uploads\/2023\/04\/DJI_0852.avif'><img decoding=\"async\" src=\"https:\/\/www.videostrains.com\/wp-content\/uploads\/2023\/04\/DJI_0852.avif\" class=\"attachment-full size-full\" alt=\"\" aria-describedby=\"gallery-1-3931\"><\/a>\n\t\t\t<\/div>\n\t\t\t\t<figcaption class='wp-caption-text gallery-caption' id='gallery-1-3931'>\n\t\t\t\tComme souvent,je me rends d&rsquo;abord \u00e0 Boyer.  L&rsquo;ami P&#8230;.. qui est dans la r\u00e9gion pendant 3 jours,me pr\u00e9vient qu&rsquo;un Lyon Dijon est en RCR tract\u00e9e.  A peine arriv\u00e9,je deploie donc les ailes pour le faire  depuis les airs,malgr\u00e9 un nez noir que j&rsquo;ai \u00e9clairci.  Ter Lyon Part Dieu &#8211; Dijon:\n\t\t\t\t<\/figcaption><\/figure><figure class='gallery-item'>\n\t\t\t<div class='gallery-icon '>\n\t\t\t\t<a data-elementor-open-lightbox=\"yes\" data-elementor-lightbox-slideshow=\"ab16859\" data-elementor-lightbox-title=\"IMG_2519\" data-e-action-hash=\"#elementor-action%3Aaction%3Dlightbox%26settings%3DeyJpZCI6MzkzNiwidXJsIjoiaHR0cHM6XC9cL3d3dy52aWRlb3N0cmFpbnMuY29tXC93cC1jb250ZW50XC91cGxvYWRzXC8yMDIzXC8wNFwvSU1HXzI1MTkuYXZpZiIsInNsaWRlc2hvdyI6ImFiMTY4NTkifQ%3D%3D\" href='https:\/\/www.videostrains.com\/wp-content\/uploads\/2023\/04\/IMG_2519.avif'><img decoding=\"async\" src=\"https:\/\/www.videostrains.com\/wp-content\/uploads\/2023\/04\/IMG_2519.avif\" class=\"attachment-full size-full\" alt=\"\" aria-describedby=\"gallery-1-3936\"><\/a>\n\t\t\t<\/div>\n\t\t\t\t<figcaption class='wp-caption-text gallery-caption' id='gallery-1-3936'>\n\t\t\t\tApr\u00e8s le passage d&rsquo;un fret avec le bas de caisse dans les herbes,je bouge de quelques m\u00e8tres pour une autre RCR.  Coup de chance,elle est tract\u00e9e par  une BB7200 assez propre\n\t\t\t\t<\/figcaption><\/figure><figure class='gallery-item'>\n\t\t\t<div class='gallery-icon '>\n\t\t\t\t<a data-elementor-open-lightbox=\"yes\" data-elementor-lightbox-slideshow=\"ab16859\" data-elementor-lightbox-title=\"IMG_2527\" data-e-action-hash=\"#elementor-action%3Aaction%3Dlightbox%26settings%3DeyJpZCI6MzkzNywidXJsIjoiaHR0cHM6XC9cL3d3dy52aWRlb3N0cmFpbnMuY29tXC93cC1jb250ZW50XC91cGxvYWRzXC8yMDIzXC8wNFwvSU1HXzI1MjcuYXZpZiIsInNsaWRlc2hvdyI6ImFiMTY4NTkifQ%3D%3D\" href='https:\/\/www.videostrains.com\/wp-content\/uploads\/2023\/04\/IMG_2527.avif'><img decoding=\"async\" src=\"https:\/\/www.videostrains.com\/wp-content\/uploads\/2023\/04\/IMG_2527.avif\" class=\"attachment-full size-full\" alt=\"\" aria-describedby=\"gallery-1-3937\"><\/a>\n\t\t\t<\/div>\n\t\t\t\t<figcaption class='wp-caption-text gallery-caption' id='gallery-1-3937'>\n\t\t\t\tTGV Luxembourg &#8211; Marseille\n\t\t\t\t<\/figcaption><\/figure><figure class='gallery-item'>\n\t\t\t<div class='gallery-icon '>\n\t\t\t\t<a data-elementor-open-lightbox=\"yes\" data-elementor-lightbox-slideshow=\"ab16859\" data-elementor-lightbox-title=\"IMG_2535\" data-e-action-hash=\"#elementor-action%3Aaction%3Dlightbox%26settings%3DeyJpZCI6MzkzOCwidXJsIjoiaHR0cHM6XC9cL3d3dy52aWRlb3N0cmFpbnMuY29tXC93cC1jb250ZW50XC91cGxvYWRzXC8yMDIzXC8wNFwvSU1HXzI1MzUuYXZpZiIsInNsaWRlc2hvdyI6ImFiMTY4NTkifQ%3D%3D\" href='https:\/\/www.videostrains.com\/wp-content\/uploads\/2023\/04\/IMG_2535.avif'><img decoding=\"async\" src=\"https:\/\/www.videostrains.com\/wp-content\/uploads\/2023\/04\/IMG_2535.avif\" class=\"attachment-full size-full\" alt=\"\" aria-describedby=\"gallery-1-3938\"><\/a>\n\t\t\t<\/div>\n\t\t\t\t<figcaption class='wp-caption-text gallery-caption' id='gallery-1-3938'>\n\t\t\t\tPeu apr\u00e8s midi,je d\u00e9cide de bouger de 2 Km \u00e0 vol d&rsquo;oiseau pour un autre Dijon &#8211; Lyon\n\t\t\t\t<\/figcaption><\/figure><figure class='gallery-item'>\n\t\t\t<div class='gallery-icon '>\n\t\t\t\t<a data-elementor-open-lightbox=\"yes\" data-elementor-lightbox-slideshow=\"ab16859\" data-elementor-lightbox-title=\"IMG_2542\" data-e-action-hash=\"#elementor-action%3Aaction%3Dlightbox%26settings%3DeyJpZCI6MzkzOSwidXJsIjoiaHR0cHM6XC9cL3d3dy52aWRlb3N0cmFpbnMuY29tXC93cC1jb250ZW50XC91cGxvYWRzXC8yMDIzXC8wNFwvSU1HXzI1NDIuYXZpZiIsInNsaWRlc2hvdyI6ImFiMTY4NTkifQ%3D%3D\" href='https:\/\/www.videostrains.com\/wp-content\/uploads\/2023\/04\/IMG_2542.avif'><img decoding=\"async\" src=\"https:\/\/www.videostrains.com\/wp-content\/uploads\/2023\/04\/IMG_2542.avif\" class=\"attachment-full size-full\" alt=\"\" aria-describedby=\"gallery-1-3939\"><\/a>\n\t\t\t<\/div>\n\t\t\t\t<figcaption class='wp-caption-text gallery-caption' id='gallery-1-3939'>\n\t\t\t\tAvec P&#8230;&#8230; nous avons la m\u00eame id\u00e9e;se retrouver dans le centre ville de Tournus pour prendre un caf\u00e9.     Apr\u00e8s cette petite pause,on se quitte \u00e0 nouveau,P&#8230;&#8230;.. iras \u00ab\u00a0me remplacer\u00a0\u00bb\u00e0 Boyer;quand \u00e0 moi ,j&rsquo;ai choisi de terminer la journ\u00e9e \u00e0 Fleurville.Me voici arriv\u00e9 \u00e0 Fleurville en milieu d&rsquo;apr\u00e8s-midi,pour le Ouigo Classique et l&rsquo;Eurodual.  Malheureusement,le pr\u00e9 est occup\u00e9 par les vaches,je me contenterai donc de rester sur le chemin.  Pour les photos,ce sera un mix r\u00e9flex\/drone.     Le 17815 Dijon &#8211; Lyon\n\t\t\t\t<\/figcaption><\/figure><figure class='gallery-item'>\n\t\t\t<div class='gallery-icon '>\n\t\t\t\t<a data-elementor-open-lightbox=\"yes\" data-elementor-lightbox-slideshow=\"ab16859\" data-elementor-lightbox-title=\"IMG_2557\" data-e-action-hash=\"#elementor-action%3Aaction%3Dlightbox%26settings%3DeyJpZCI6Mzk0MCwidXJsIjoiaHR0cHM6XC9cL3d3dy52aWRlb3N0cmFpbnMuY29tXC93cC1jb250ZW50XC91cGxvYWRzXC8yMDIzXC8wNFwvSU1HXzI1NTcuYXZpZiIsInNsaWRlc2hvdyI6ImFiMTY4NTkifQ%3D%3D\" href='https:\/\/www.videostrains.com\/wp-content\/uploads\/2023\/04\/IMG_2557.avif'><img decoding=\"async\" src=\"https:\/\/www.videostrains.com\/wp-content\/uploads\/2023\/04\/IMG_2557.avif\" class=\"attachment-full size-full\" alt=\"\" aria-describedby=\"gallery-1-3940\"><\/a>\n\t\t\t<\/div>\n\t\t\t\t<figcaption class='wp-caption-text gallery-caption' id='gallery-1-3940'>\n\t\t\t\tUn TGV en provenance de Luxembourg et \u00e0 destination de Montpellier CNM\n\t\t\t\t<\/figcaption><\/figure><figure class='gallery-item'>\n\t\t\t<div class='gallery-icon '>\n\t\t\t\t<a data-elementor-open-lightbox=\"yes\" data-elementor-lightbox-slideshow=\"ab16859\" data-elementor-lightbox-title=\"DJI_0874\" data-e-action-hash=\"#elementor-action%3Aaction%3Dlightbox%26settings%3DeyJpZCI6MzkzMywidXJsIjoiaHR0cHM6XC9cL3d3dy52aWRlb3N0cmFpbnMuY29tXC93cC1jb250ZW50XC91cGxvYWRzXC8yMDIzXC8wNFwvREpJXzA4NzQuYXZpZiIsInNsaWRlc2hvdyI6ImFiMTY4NTkifQ%3D%3D\" href='https:\/\/www.videostrains.com\/wp-content\/uploads\/2023\/04\/DJI_0874.avif'><img decoding=\"async\" src=\"https:\/\/www.videostrains.com\/wp-content\/uploads\/2023\/04\/DJI_0874.avif\" class=\"attachment-full size-full\" alt=\"train ouigo classique a tournus\" aria-describedby=\"gallery-1-3933\" \/><\/a>\n\t\t\t<\/div>\n\t\t\t\t<figcaption class='wp-caption-text gallery-caption' id='gallery-1-3933'>\n\t\t\t\tP&#8230;&#8230;. \u00e9tant en amont,j&rsquo;ai la chance qu&rsquo;il me pr\u00e9vienne du passage iminent des trains.  C&rsquo;est le cas,pour l&rsquo;objectif principal de la journ\u00e9e,le Ouigo Classique Paris  &#8211; Lyon .  D\u00e9clencher la photo sur le r\u00e9flex et le drone en m\u00eame temps n&rsquo;est pas sans risque de rat\u00e9e.  Et c&rsquo;est le cas pour la photo au sol.C&rsquo;est donc uniquement depuis les airs que nous voyons passer  le train rose\n\t\t\t\t<\/figcaption><\/figure><figure class='gallery-item'>\n\t\t\t<div class='gallery-icon '>\n\t\t\t\t<a data-elementor-open-lightbox=\"yes\" data-elementor-lightbox-slideshow=\"ab16859\" data-elementor-lightbox-title=\"IMG_2564\" data-e-action-hash=\"#elementor-action%3Aaction%3Dlightbox%26settings%3DeyJpZCI6Mzk0MSwidXJsIjoiaHR0cHM6XC9cL3d3dy52aWRlb3N0cmFpbnMuY29tXC93cC1jb250ZW50XC91cGxvYWRzXC8yMDIzXC8wNFwvSU1HXzI1NjQuYXZpZiIsInNsaWRlc2hvdyI6ImFiMTY4NTkifQ%3D%3D\" href='https:\/\/www.videostrains.com\/wp-content\/uploads\/2023\/04\/IMG_2564.avif'><img decoding=\"async\" src=\"https:\/\/www.videostrains.com\/wp-content\/uploads\/2023\/04\/IMG_2564.avif\" class=\"attachment-full size-full\" alt=\"\" aria-describedby=\"gallery-1-3941\"><\/a>\n\t\t\t<\/div>\n\t\t\t\t<figcaption class='wp-caption-text gallery-caption' id='gallery-1-3941'>\n\t\t\t\tIl ne reste maintenant qu&rsquo;a attendre l&rsquo;Eurodual.  Toujours pr\u00e9venu par P&#8230;..,j&rsquo;ai le luxe de pouvoir faire d\u00e9coller le drone au bon moment pour le passage  d&rsquo;un Gevrey &#8211; Sibelin  avec \u00e0 sa t\u00eate deux Class 66  Et cette fois ci,j&rsquo;ai fait double photo pour cette double Class 66\n\t\t\t\t<\/figcaption><\/figure><figure class='gallery-item'>\n\t\t\t<div class='gallery-icon '>\n\t\t\t\t<a data-elementor-open-lightbox=\"yes\" data-elementor-lightbox-slideshow=\"ab16859\" data-elementor-lightbox-title=\"DJI_0881\" data-e-action-hash=\"#elementor-action%3Aaction%3Dlightbox%26settings%3DeyJpZCI6MzkzNCwidXJsIjoiaHR0cHM6XC9cL3d3dy52aWRlb3N0cmFpbnMuY29tXC93cC1jb250ZW50XC91cGxvYWRzXC8yMDIzXC8wNFwvREpJXzA4ODEuYXZpZiIsInNsaWRlc2hvdyI6ImFiMTY4NTkifQ%3D%3D\" href='https:\/\/www.videostrains.com\/wp-content\/uploads\/2023\/04\/DJI_0881.avif'><img decoding=\"async\" src=\"https:\/\/www.videostrains.com\/wp-content\/uploads\/2023\/04\/DJI_0881.avif\" class=\"attachment-full size-full\" alt=\"\" aria-describedby=\"gallery-1-3934\"><\/a>\n\t\t\t<\/div>\n\t\t\t\t<figcaption class='wp-caption-text gallery-caption' id='gallery-1-3934'>\n\t\t\t\tIl ne reste maintenant qu&rsquo;a attendre l&rsquo;Eurodual.  Toujours pr\u00e9venu par P&#8230;..,j&rsquo;ai le luxe de pouvoir faire d\u00e9coller le drone au bon moment pour le passage  d&rsquo;un Gevrey &#8211; Sibelin  avec \u00e0 sa t\u00eate deux Class 66  Et cette fois ci,j&rsquo;ai fait double photo pour cette double Class 66\n\t\t\t\t<\/figcaption><\/figure><figure class='gallery-item'>\n\t\t\t<div class='gallery-icon '>\n\t\t\t\t<a data-elementor-open-lightbox=\"yes\" data-elementor-lightbox-slideshow=\"ab16859\" data-elementor-lightbox-title=\"IMG_2583\" data-e-action-hash=\"#elementor-action%3Aaction%3Dlightbox%26settings%3DeyJpZCI6Mzk0MywidXJsIjoiaHR0cHM6XC9cL3d3dy52aWRlb3N0cmFpbnMuY29tXC93cC1jb250ZW50XC91cGxvYWRzXC8yMDIzXC8wNFwvSU1HXzI1ODMuYXZpZiIsInNsaWRlc2hvdyI6ImFiMTY4NTkifQ%3D%3D\" href='https:\/\/www.videostrains.com\/wp-content\/uploads\/2023\/04\/IMG_2583.avif'><img decoding=\"async\" src=\"https:\/\/www.videostrains.com\/wp-content\/uploads\/2023\/04\/IMG_2583.avif\" class=\"attachment-full size-full\" alt=\"\" aria-describedby=\"gallery-1-3943\"><\/a>\n\t\t\t<\/div>\n\t\t\t\t<figcaption class='wp-caption-text gallery-caption' id='gallery-1-3943'>\n\t\t\t\tC&rsquo;est au tour d&rsquo;un Dijon &#8211; Lyon de se faire tirer le portrait au dessus des Charolaises\n\t\t\t\t<\/figcaption><\/figure><figure class='gallery-item'>\n\t\t\t<div class='gallery-icon '>\n\t\t\t\t<a data-elementor-open-lightbox=\"yes\" data-elementor-lightbox-slideshow=\"ab16859\" data-elementor-lightbox-title=\"IMG_2591\" data-e-action-hash=\"#elementor-action%3Aaction%3Dlightbox%26settings%3DeyJpZCI6Mzk0NCwidXJsIjoiaHR0cHM6XC9cL3d3dy52aWRlb3N0cmFpbnMuY29tXC93cC1jb250ZW50XC91cGxvYWRzXC8yMDIzXC8wNFwvSU1HXzI1OTEuYXZpZiIsInNsaWRlc2hvdyI6ImFiMTY4NTkifQ%3D%3D\" href='https:\/\/www.videostrains.com\/wp-content\/uploads\/2023\/04\/IMG_2591.avif'><img decoding=\"async\" src=\"https:\/\/www.videostrains.com\/wp-content\/uploads\/2023\/04\/IMG_2591.avif\" class=\"attachment-full size-full\" alt=\"\" aria-describedby=\"gallery-1-3944\"><\/a>\n\t\t\t<\/div>\n\t\t\t\t<figcaption class='wp-caption-text gallery-caption' id='gallery-1-3944'>\n\t\t\t\tPuis je re\u00e7ois un coup de fil de l&rsquo;ami P&#8230;.. qui se trouve sur Tournus.  L&rsquo;Eurodual CC6001 est en avance,ce qui n&rsquo;est pas rare.Et le train comprend une surprise  Voici donc l&rsquo;unique exemplaire de cette machine Bi-mode Bi-tension en t\u00eate du Vittel &#8211; Arles dominical.  Avec derri\u00e8re elle,comme surprise,une Euro 4001 aux couleurs de Captrain sous l&rsquo;indiff\u00e9rence des meuh-meuhs  qui sont trop occupp\u00e9s \u00e0 se d\u00e9lecter d&rsquo;une herbe bien verte\n\t\t\t\t<\/figcaption><\/figure><figure class='gallery-item'>\n\t\t\t<div class='gallery-icon '>\n\t\t\t\t<a data-elementor-open-lightbox=\"yes\" data-elementor-lightbox-slideshow=\"ab16859\" data-elementor-lightbox-title=\"DJI_0885\" data-e-action-hash=\"#elementor-action%3Aaction%3Dlightbox%26settings%3DeyJpZCI6MzkzNSwidXJsIjoiaHR0cHM6XC9cL3d3dy52aWRlb3N0cmFpbnMuY29tXC93cC1jb250ZW50XC91cGxvYWRzXC8yMDIzXC8wNFwvREpJXzA4ODUuYXZpZiIsInNsaWRlc2hvdyI6ImFiMTY4NTkifQ%3D%3D\" href='https:\/\/www.videostrains.com\/wp-content\/uploads\/2023\/04\/DJI_0885.avif'><img decoding=\"async\" src=\"https:\/\/www.videostrains.com\/wp-content\/uploads\/2023\/04\/DJI_0885.avif\" class=\"attachment-full size-full\" alt=\"\"><\/a>\n\t\t\t<\/div><\/figure>\n\t\t<\/div>\n\t\t<\/div>\n\t\t\t\t\t\t<\/div>\n\t\t\t\t<\/div>\n\t\t\t\t\t<\/div>\n\t\t<\/div>\n\t\t\t\t\t<\/div>\n\t\t<\/section>\n\t\t\t\t\t<\/div>\n\t\t<\/div>\n\t\t\t\t\t<\/div>\n\t\t<\/section>\n\t\t\t\t<\/div>\n\t\t","protected":false},"excerpt":{"rendered":"<p>Dimanche photos et vid\u00e9os ferroviaires a tournus et fleurville Trains sur la ligne du PLM Voici une s\u00e9rie de photos faites en Sa\u00f4ne et Loire. Le but principal du d\u00e9placement,\u00e9tait de faire le Ouigo Classique,nouvelle circulation commerciale, ainsi que l&rsquo;Eurodual Vittel &#8211; Arles. Ce sera \u00e9galement l&rsquo;occasion de rencontrer l&rsquo;ami P.. qui profite de ses cong\u00e9s pour silloner la r\u00e9gion. Comme souvent,je me rends d&rsquo;abord \u00e0 Boyer. L&rsquo;ami P&#8230;.. qui est dans la r\u00e9gion pendant 3 jours,me pr\u00e9vient qu&rsquo;un Lyon Dijon est en RCR tract\u00e9e. A peine arriv\u00e9,je deploie donc les ailes pour le faire depuis les airs,malgr\u00e9 un nez noir que j&rsquo;ai \u00e9clairci. Ter Lyon Part Dieu &#8211; Dijon: Apr\u00e8s le passage d&rsquo;un fret avec le bas de caisse dans les herbes,je bouge de quelques m\u00e8tres pour une autre RCR. Coup de chance,elle est tract\u00e9e par une BB7200 assez propre TGV Luxembourg &#8211; Marseille Peu apr\u00e8s midi,je d\u00e9cide de bouger de 2 Km \u00e0 vol d&rsquo;oiseau pour un autre Dijon &#8211; Lyon Avec P&#8230;&#8230; nous avons la m\u00eame id\u00e9e;se retrouver dans le centre ville de Tournus pour prendre un caf\u00e9. Apr\u00e8s cette petite pause,on se quitte \u00e0 nouveau,P&#8230;&#8230;.. iras \u00ab\u00a0me remplacer\u00a0\u00bb\u00e0 Boyer;quand \u00e0 moi ,j&rsquo;ai choisi de terminer la journ\u00e9e \u00e0 Fleurville.Me voici arriv\u00e9 \u00e0 Fleurville en milieu d&rsquo;apr\u00e8s-midi,pour le Ouigo Classique et l&rsquo;Eurodual. Malheureusement,le pr\u00e9 est occup\u00e9 par les vaches,je me contenterai donc de rester sur le chemin. Pour les photos,ce sera un mix r\u00e9flex\/drone. Le 17815 Dijon &#8211; Lyon Un TGV en provenance de Luxembourg et \u00e0 destination de Montpellier CNM P&#8230;&#8230;. \u00e9tant en amont,j&rsquo;ai la chance qu&rsquo;il me pr\u00e9vienne du passage iminent des trains. C&rsquo;est le cas,pour l&rsquo;objectif principal de la journ\u00e9e,le Ouigo Classique Paris &#8211; Lyon . D\u00e9clencher la photo sur le r\u00e9flex et le drone en m\u00eame temps n&rsquo;est pas sans risque de rat\u00e9e. Et c&rsquo;est le cas pour la photo au sol.C&rsquo;est donc uniquement depuis les airs que nous voyons passer le train rose Il ne reste maintenant qu&rsquo;a attendre l&rsquo;Eurodual. Toujours pr\u00e9venu par P&#8230;..,j&rsquo;ai le luxe de pouvoir faire d\u00e9coller le drone au bon moment pour le passage d&rsquo;un Gevrey &#8211; Sibelin avec \u00e0 sa t\u00eate deux Class 66 Et cette fois ci,j&rsquo;ai fait double photo pour cette double Class 66 Il ne reste maintenant qu&rsquo;a attendre l&rsquo;Eurodual. Toujours pr\u00e9venu par P&#8230;..,j&rsquo;ai le luxe de pouvoir faire d\u00e9coller le drone au bon moment pour le passage d&rsquo;un Gevrey &#8211; Sibelin avec \u00e0 sa t\u00eate deux Class 66 Et cette fois ci,j&rsquo;ai fait double photo pour cette double Class 66 C&rsquo;est au tour d&rsquo;un Dijon &#8211; Lyon de se faire tirer le portrait au dessus des Charolaises Puis je re\u00e7ois un coup de fil de l&rsquo;ami P&#8230;.. qui se trouve sur Tournus. L&rsquo;Eurodual CC6001 est en avance,ce qui n&rsquo;est pas rare.Et le train comprend une surprise Voici donc l&rsquo;unique exemplaire de cette machine Bi-mode Bi-tension en t\u00eate du Vittel &#8211; Arles dominical. Avec derri\u00e8re elle,comme surprise,une Euro 4001 aux couleurs de Captrain sous l&rsquo;indiff\u00e9rence des meuh-meuhs qui sont trop occupp\u00e9s \u00e0 se d\u00e9lecter d&rsquo;une herbe bien verte<\/p>\n","protected":false},"author":2,"featured_media":0,"parent":0,"menu_order":87,"comment_status":"closed","ping_status":"closed","template":"","meta":{"ocean_post_layout":"","ocean_both_sidebars_style":"","ocean_both_sidebars_content_width":0,"ocean_both_sidebars_sidebars_width":0,"ocean_sidebar":"0","ocean_second_sidebar":"0","ocean_disable_margins":"enable","ocean_add_body_class":"","ocean_shortcode_before_top_bar":"","ocean_shortcode_after_top_bar":"","ocean_shortcode_before_header":"","ocean_shortcode_after_header":"","ocean_has_shortcode":"","ocean_shortcode_after_title":"","ocean_shortcode_before_footer_widgets":"","ocean_shortcode_after_footer_widgets":"","ocean_shortcode_before_footer_bottom":"","ocean_shortcode_after_footer_bottom":"","ocean_display_top_bar":"default","ocean_display_header":"default","ocean_header_style":"","ocean_center_header_left_menu":"0","ocean_custom_header_template":"0","ocean_custom_logo":0,"ocean_custom_retina_logo":0,"ocean_custom_logo_max_width":0,"ocean_custom_logo_tablet_max_width":0,"ocean_custom_logo_mobile_max_width":0,"ocean_custom_logo_max_height":0,"ocean_custom_logo_tablet_max_height":0,"ocean_custom_logo_mobile_max_height":0,"ocean_header_custom_menu":"0","ocean_menu_typo_font_family":"0","ocean_menu_typo_font_subset":"","ocean_menu_typo_font_size":0,"ocean_menu_typo_font_size_tablet":0,"ocean_menu_typo_font_size_mobile":0,"ocean_menu_typo_font_size_unit":"px","ocean_menu_typo_font_weight":"","ocean_menu_typo_font_weight_tablet":"","ocean_menu_typo_font_weight_mobile":"","ocean_menu_typo_transform":"","ocean_menu_typo_transform_tablet":"","ocean_menu_typo_transform_mobile":"","ocean_menu_typo_line_height":0,"ocean_menu_typo_line_height_tablet":0,"ocean_menu_typo_line_height_mobile":0,"ocean_menu_typo_line_height_unit":"","ocean_menu_typo_spacing":0,"ocean_menu_typo_spacing_tablet":0,"ocean_menu_typo_spacing_mobile":0,"ocean_menu_typo_spacing_unit":"","ocean_menu_link_color":"","ocean_menu_link_color_hover":"","ocean_menu_link_color_active":"","ocean_menu_link_background":"","ocean_menu_link_hover_background":"","ocean_menu_link_active_background":"","ocean_menu_social_links_bg":"","ocean_menu_social_hover_links_bg":"","ocean_menu_social_links_color":"","ocean_menu_social_hover_links_color":"","ocean_disable_title":"default","ocean_disable_heading":"default","ocean_post_title":"","ocean_post_subheading":"","ocean_post_title_style":"","ocean_post_title_background_color":"","ocean_post_title_background":0,"ocean_post_title_bg_image_position":"","ocean_post_title_bg_image_attachment":"","ocean_post_title_bg_image_repeat":"","ocean_post_title_bg_image_size":"","ocean_post_title_height":0,"ocean_post_title_bg_overlay":0.5,"ocean_post_title_bg_overlay_color":"","ocean_disable_breadcrumbs":"default","ocean_breadcrumbs_color":"","ocean_breadcrumbs_separator_color":"","ocean_breadcrumbs_links_color":"","ocean_breadcrumbs_links_hover_color":"","ocean_display_footer_widgets":"default","ocean_display_footer_bottom":"default","ocean_custom_footer_template":"0","footnotes":""},"class_list":["post-3912","page","type-page","status-publish","hentry","entry"],"_links":{"self":[{"href":"https:\/\/www.videostrains.com\/index.php\/wp-json\/wp\/v2\/pages\/3912","targetHints":{"allow":["GET"]}}],"collection":[{"href":"https:\/\/www.videostrains.com\/index.php\/wp-json\/wp\/v2\/pages"}],"about":[{"href":"https:\/\/www.videostrains.com\/index.php\/wp-json\/wp\/v2\/types\/page"}],"author":[{"embeddable":true,"href":"https:\/\/www.videostrains.com\/index.php\/wp-json\/wp\/v2\/users\/2"}],"replies":[{"embeddable":true,"href":"https:\/\/www.videostrains.com\/index.php\/wp-json\/wp\/v2\/comments?post=3912"}],"version-history":[{"count":0,"href":"https:\/\/www.videostrains.com\/index.php\/wp-json\/wp\/v2\/pages\/3912\/revisions"}],"wp:attachment":[{"href":"https:\/\/www.videostrains.com\/index.php\/wp-json\/wp\/v2\/media?parent=3912"}],"curies":[{"name":"wp","href":"https:\/\/api.w.org\/{rel}","templated":true}]}}