{"id":3897,"date":"2023-04-18T13:14:11","date_gmt":"2023-04-18T11:14:11","guid":{"rendered":"http:\/\/videostrains.com\/videostrains\/?page_id=3897"},"modified":"2026-02-03T17:11:25","modified_gmt":"2026-02-03T16:11:25","slug":"trains-albarine-2022","status":"publish","type":"page","link":"https:\/\/www.videostrains.com\/index.php\/trains-albarine-2022\/","title":{"rendered":"Trains en vallee de l&rsquo;Albarine 22 Janvier 2022"},"content":{"rendered":"\t\t<div data-elementor-type=\"wp-page\" data-elementor-id=\"3897\" class=\"elementor elementor-3897\">\n\t\t\t\t\t\t<section class=\"elementor-section elementor-top-section elementor-element elementor-element-f1b487c elementor-section-boxed elementor-section-height-default elementor-section-height-default wpr-particle-no wpr-jarallax-no wpr-parallax-no wpr-sticky-section-no wpr-equal-height-no\" data-id=\"f1b487c\" data-element_type=\"section\" data-e-type=\"section\">\n\t\t\t\t\t\t<div class=\"elementor-container elementor-column-gap-default\">\n\t\t\t\t\t<div class=\"elementor-column elementor-col-100 elementor-top-column elementor-element elementor-element-6470c49\" data-id=\"6470c49\" data-element_type=\"column\" data-e-type=\"column\">\n\t\t\t<div class=\"elementor-widget-wrap elementor-element-populated\">\n\t\t\t\t\t\t<section class=\"elementor-section elementor-inner-section elementor-element elementor-element-f4c6d9c elementor-section-boxed elementor-section-height-default elementor-section-height-default wpr-particle-no wpr-jarallax-no wpr-parallax-no wpr-sticky-section-no wpr-equal-height-no\" data-id=\"f4c6d9c\" data-element_type=\"section\" data-e-type=\"section\">\n\t\t\t\t\t\t<div class=\"elementor-container elementor-column-gap-default\">\n\t\t\t\t\t<div class=\"elementor-column elementor-col-100 elementor-inner-column elementor-element elementor-element-810a533\" data-id=\"810a533\" data-element_type=\"column\" data-e-type=\"column\">\n\t\t\t<div class=\"elementor-widget-wrap elementor-element-populated\">\n\t\t\t\t\t\t<div class=\"elementor-element elementor-element-0f8a33f elementor-widget elementor-widget-heading\" data-id=\"0f8a33f\" data-element_type=\"widget\" data-e-type=\"widget\" data-widget_type=\"heading.default\">\n\t\t\t\t<div class=\"elementor-widget-container\">\n\t\t\t\t\t<h1 class=\"elementor-heading-title elementor-size-default\">Vallee de l'albarine en janvier 2022<\/h1>\t\t\t\t<\/div>\n\t\t\t\t<\/div>\n\t\t\t\t<div class=\"elementor-element elementor-element-8d6c038 elementor-widget elementor-widget-heading\" data-id=\"8d6c038\" data-element_type=\"widget\" data-e-type=\"widget\" data-widget_type=\"heading.default\">\n\t\t\t\t<div class=\"elementor-widget-container\">\n\t\t\t\t\t<h2 class=\"elementor-heading-title elementor-size-default\">Nombreux trains de fret en vall\u00e9e de l'albarine.<\/h2>\t\t\t\t<\/div>\n\t\t\t\t<\/div>\n\t\t\t\t\t<\/div>\n\t\t<\/div>\n\t\t\t\t\t<\/div>\n\t\t<\/section>\n\t\t\t\t<section class=\"elementor-section elementor-inner-section elementor-element elementor-element-fd2e62e elementor-section-boxed elementor-section-height-default elementor-section-height-default wpr-particle-no wpr-jarallax-no wpr-parallax-no wpr-sticky-section-no wpr-equal-height-no\" data-id=\"fd2e62e\" data-element_type=\"section\" data-e-type=\"section\">\n\t\t\t\t\t\t<div class=\"elementor-container elementor-column-gap-default\">\n\t\t\t\t\t<div class=\"elementor-column elementor-col-100 elementor-inner-column elementor-element elementor-element-deff257\" data-id=\"deff257\" data-element_type=\"column\" data-e-type=\"column\">\n\t\t\t<div class=\"elementor-widget-wrap elementor-element-populated\">\n\t\t\t\t\t\t<div class=\"elementor-element elementor-element-2fbd60e e-transform elementor-widget elementor-widget-text-editor\" data-id=\"2fbd60e\" data-element_type=\"widget\" data-e-type=\"widget\" data-settings=\"{&quot;_transform_scale_effect&quot;:{&quot;unit&quot;:&quot;px&quot;,&quot;size&quot;:1,&quot;sizes&quot;:[]},&quot;_transform_scale_effect_tablet&quot;:{&quot;unit&quot;:&quot;px&quot;,&quot;size&quot;:&quot;&quot;,&quot;sizes&quot;:[]},&quot;_transform_scale_effect_mobile&quot;:{&quot;unit&quot;:&quot;px&quot;,&quot;size&quot;:&quot;&quot;,&quot;sizes&quot;:[]}}\" data-widget_type=\"text-editor.default\">\n\t\t\t\t<div class=\"elementor-widget-container\">\n\t\t\t\t\t\t\t\t\t<p>Alors que j&rsquo;avais pr\u00e9vu de prendre une autre destination,un dernier coup d&rsquo;oeil sur la m\u00e9t\u00e9o m&rsquo;a fait changer d&rsquo;avis.<\/p><p>Ce samedi,direction la ligne Amb\u00e9rieu en Bugey\/Culoz,essentiellement pour faire la star du moment,le TGV Italien.<\/p><p>Arriv\u00e9 t\u00f4t,les ombres sont encore tr\u00e8s pr\u00e9sentes;je me contente donc de ne faire que de la vid\u00e9o \u00e0 Cheignieu la balme.<\/p><p>Mais un courant d&rsquo;air glacial m&rsquo;a forc\u00e9 \u00e0 partir plus t\u00f4t que pr\u00e9vu pour Virieu le Grand.<\/p><p>Pendant mon attente,voila qu&rsquo;arrive une \u00e9quipe de photographes dont P&#8230;..<\/p><p>Alors qu&rsquo;ils partent plus loin,je reste sur place.<\/p>\t\t\t\t\t\t\t\t<\/div>\n\t\t\t\t<\/div>\n\t\t\t\t\t<\/div>\n\t\t<\/div>\n\t\t\t\t\t<\/div>\n\t\t<\/section>\n\t\t\t\t<section class=\"elementor-section elementor-inner-section elementor-element elementor-element-71b3694 elementor-section-boxed elementor-section-height-default elementor-section-height-default wpr-particle-no wpr-jarallax-no wpr-parallax-no wpr-sticky-section-no wpr-equal-height-no\" data-id=\"71b3694\" data-element_type=\"section\" data-e-type=\"section\">\n\t\t\t\t\t\t<div class=\"elementor-container elementor-column-gap-default\">\n\t\t\t\t\t<div class=\"elementor-column elementor-col-100 elementor-inner-column elementor-element elementor-element-d35f6cc\" data-id=\"d35f6cc\" data-element_type=\"column\" data-e-type=\"column\">\n\t\t\t<div class=\"elementor-widget-wrap elementor-element-populated\">\n\t\t\t\t\t\t<div class=\"elementor-element elementor-element-ab16859 gallery-spacing-custom elementor-widget elementor-widget-image-gallery\" data-id=\"ab16859\" data-element_type=\"widget\" data-e-type=\"widget\" data-widget_type=\"image-gallery.default\">\n\t\t\t\t<div class=\"elementor-widget-container\">\n\t\t\t\t\t\t\t<div class=\"elementor-image-gallery\">\n\t\t\t<div id='gallery-1' class='gallery galleryid-3897 gallery-columns-1 gallery-size-full'><figure class='gallery-item'>\n\t\t\t<div class='gallery-icon '>\n\t\t\t\t<a data-elementor-open-lightbox=\"yes\" data-elementor-lightbox-slideshow=\"ab16859\" data-elementor-lightbox-title=\"IMG_1644\" data-e-action-hash=\"#elementor-action%3Aaction%3Dlightbox%26settings%3DeyJpZCI6MzkwMSwidXJsIjoiaHR0cHM6XC9cL3d3dy52aWRlb3N0cmFpbnMuY29tXC93cC1jb250ZW50XC91cGxvYWRzXC8yMDIzXC8wNFwvSU1HXzE2NDQuYXZpZiIsInNsaWRlc2hvdyI6ImFiMTY4NTkifQ%3D%3D\" href='https:\/\/www.videostrains.com\/wp-content\/uploads\/2023\/04\/IMG_1644.avif'><img decoding=\"async\" src=\"https:\/\/www.videostrains.com\/wp-content\/uploads\/2023\/04\/IMG_1644.avif\" class=\"attachment-full size-full\" alt=\"\" aria-describedby=\"gallery-1-3901\"><\/a>\n\t\t\t<\/div>\n\t\t\t\t<figcaption class='wp-caption-text gallery-caption' id='gallery-1-3901'>\n\t\t\t\tPremi\u00e8re photo de la journ\u00e9e,voici enfin La fl\u00eache rouge en provenance de Milan et \u00e0 destination de Paris via Lyon\n\t\t\t\t<\/figcaption><\/figure><figure class='gallery-item'>\n\t\t\t<div class='gallery-icon '>\n\t\t\t\t<a data-elementor-open-lightbox=\"yes\" data-elementor-lightbox-slideshow=\"ab16859\" data-elementor-lightbox-title=\"IMG_1653\" data-e-action-hash=\"#elementor-action%3Aaction%3Dlightbox%26settings%3DeyJpZCI6MzkwMiwidXJsIjoiaHR0cHM6XC9cL3d3dy52aWRlb3N0cmFpbnMuY29tXC93cC1jb250ZW50XC91cGxvYWRzXC8yMDIzXC8wNFwvSU1HXzE2NTMuYXZpZiIsInNsaWRlc2hvdyI6ImFiMTY4NTkifQ%3D%3D\" href='https:\/\/www.videostrains.com\/wp-content\/uploads\/2023\/04\/IMG_1653.avif'><img decoding=\"async\" src=\"https:\/\/www.videostrains.com\/wp-content\/uploads\/2023\/04\/IMG_1653.avif\" class=\"attachment-full size-full\" alt=\"\" aria-describedby=\"gallery-1-3902\"><\/a>\n\t\t\t<\/div>\n\t\t\t\t<figcaption class='wp-caption-text gallery-caption' id='gallery-1-3902'>\n\t\t\t\tProfitant d&rsquo;un temporaire arr\u00eat des circulations,je vais \u00e0 La Cluse des hopitaux pour faire le Thalys qui vient de reprendre du service.  Voici un TGV Inoui en provenance de Paris pour Bourg St Maurice.  Je disais quoi d\u00e9ja,quelques lignes plus haut en le comparant \u00e0 la Fresciarossa ?\n\t\t\t\t<\/figcaption><\/figure><figure class='gallery-item'>\n\t\t\t<div class='gallery-icon '>\n\t\t\t\t<a data-elementor-open-lightbox=\"yes\" data-elementor-lightbox-slideshow=\"ab16859\" data-elementor-lightbox-title=\"IMG_1663\" data-e-action-hash=\"#elementor-action%3Aaction%3Dlightbox%26settings%3DeyJpZCI6MzkwMywidXJsIjoiaHR0cHM6XC9cL3d3dy52aWRlb3N0cmFpbnMuY29tXC93cC1jb250ZW50XC91cGxvYWRzXC8yMDIzXC8wNFwvSU1HXzE2NjMuYXZpZiIsInNsaWRlc2hvdyI6ImFiMTY4NTkifQ%3D%3D\" href='https:\/\/www.videostrains.com\/wp-content\/uploads\/2023\/04\/IMG_1663.avif'><img decoding=\"async\" src=\"https:\/\/www.videostrains.com\/wp-content\/uploads\/2023\/04\/IMG_1663.avif\" class=\"attachment-full size-full\" alt=\"\" aria-describedby=\"gallery-1-3903\"><\/a>\n\t\t\t<\/div>\n\t\t\t\t<figcaption class='wp-caption-text gallery-caption' id='gallery-1-3903'>\n\t\t\t\tMalheureusement,le soleil sera dans l&rsquo;axe pour le prochain train int\u00e9ressant.  Donc je retourne \u00e0 Cheignieu la balme,o\u00f9 je retrouverai l&rsquo;\u00e9quipage du matin.  Aucun autre endroit pour le faire,donc on s&rsquo;en contente,et avec un cadrage vertical qui me parait mieux adapt\u00e9.  Un Lyon Gen\u00eave heureusement tract\u00e9 par la BB22266 bien propre\n\t\t\t\t<\/figcaption><\/figure><figure class='gallery-item'>\n\t\t\t<div class='gallery-icon '>\n\t\t\t\t<a data-elementor-open-lightbox=\"yes\" data-elementor-lightbox-slideshow=\"ab16859\" data-elementor-lightbox-title=\"IMG_1678\" data-e-action-hash=\"#elementor-action%3Aaction%3Dlightbox%26settings%3DeyJpZCI6MzkwNCwidXJsIjoiaHR0cHM6XC9cL3d3dy52aWRlb3N0cmFpbnMuY29tXC93cC1jb250ZW50XC91cGxvYWRzXC8yMDIzXC8wNFwvSU1HXzE2NzguYXZpZiIsInNsaWRlc2hvdyI6ImFiMTY4NTkifQ%3D%3D\" href='https:\/\/www.videostrains.com\/wp-content\/uploads\/2023\/04\/IMG_1678.avif'><img decoding=\"async\" src=\"https:\/\/www.videostrains.com\/wp-content\/uploads\/2023\/04\/IMG_1678.avif\" class=\"attachment-full size-full\" alt=\"\" aria-describedby=\"gallery-1-3904\"><\/a>\n\t\t\t<\/div>\n\t\t\t\t<figcaption class='wp-caption-text gallery-caption' id='gallery-1-3904'>\n\t\t\t\tThalys fait son come back dans les Alpes,voici le TGV Bruxelles\/Bourg St Maurice en rame PBA\n\t\t\t\t<\/figcaption><\/figure><figure class='gallery-item'>\n\t\t\t<div class='gallery-icon '>\n\t\t\t\t<a data-elementor-open-lightbox=\"yes\" data-elementor-lightbox-slideshow=\"ab16859\" data-elementor-lightbox-title=\"IMG_1685\" data-e-action-hash=\"#elementor-action%3Aaction%3Dlightbox%26settings%3DeyJpZCI6MzkwNSwidXJsIjoiaHR0cHM6XC9cL3d3dy52aWRlb3N0cmFpbnMuY29tXC93cC1jb250ZW50XC91cGxvYWRzXC8yMDIzXC8wNFwvSU1HXzE2ODUuYXZpZiIsInNsaWRlc2hvdyI6ImFiMTY4NTkifQ%3D%3D\" href='https:\/\/www.videostrains.com\/wp-content\/uploads\/2023\/04\/IMG_1685.avif'><img decoding=\"async\" src=\"https:\/\/www.videostrains.com\/wp-content\/uploads\/2023\/04\/IMG_1685.avif\" class=\"attachment-full size-full\" alt=\"\" aria-describedby=\"gallery-1-3905\"><\/a>\n\t\t\t<\/div>\n\t\t\t\t<figcaption class='wp-caption-text gallery-caption' id='gallery-1-3905'>\n\t\t\t\tIl est suivi de peu par 2 frets dont ces deux primas grises en UM pour ce Amb\u00e9rieu\/Publier\n\t\t\t\t<\/figcaption><\/figure><figure class='gallery-item'>\n\t\t\t<div class='gallery-icon '>\n\t\t\t\t<a data-elementor-open-lightbox=\"yes\" data-elementor-lightbox-slideshow=\"ab16859\" data-elementor-lightbox-title=\"IMG_1692\" data-e-action-hash=\"#elementor-action%3Aaction%3Dlightbox%26settings%3DeyJpZCI6MzkwNiwidXJsIjoiaHR0cHM6XC9cL3d3dy52aWRlb3N0cmFpbnMuY29tXC93cC1jb250ZW50XC91cGxvYWRzXC8yMDIzXC8wNFwvSU1HXzE2OTIuYXZpZiIsInNsaWRlc2hvdyI6ImFiMTY4NTkifQ%3D%3D\" href='https:\/\/www.videostrains.com\/wp-content\/uploads\/2023\/04\/IMG_1692.avif'><img decoding=\"async\" src=\"https:\/\/www.videostrains.com\/wp-content\/uploads\/2023\/04\/IMG_1692.avif\" class=\"attachment-full size-full\" alt=\"\" aria-describedby=\"gallery-1-3906\"><\/a>\n\t\t\t<\/div>\n\t\t\t\t<figcaption class='wp-caption-text gallery-caption' id='gallery-1-3906'>\n\t\t\t\tJe tente le coup de partir pour faire le second \u00e0 La Cluse des Hopitaux.  Tout juste arriv\u00e9,voici que se pointe le Amb\u00e9rieu en Bugey\/Modane,surnomm\u00e9 San P\u00e9l\u00e9grino.  Il est tract\u00e9 par les BB E37517 et BB E37526\n\t\t\t\t<\/figcaption><\/figure><figure class='gallery-item'>\n\t\t\t<div class='gallery-icon '>\n\t\t\t\t<a data-elementor-open-lightbox=\"yes\" data-elementor-lightbox-slideshow=\"ab16859\" data-elementor-lightbox-title=\"IMG_1698\" data-e-action-hash=\"#elementor-action%3Aaction%3Dlightbox%26settings%3DeyJpZCI6MzkwNywidXJsIjoiaHR0cHM6XC9cL3d3dy52aWRlb3N0cmFpbnMuY29tXC93cC1jb250ZW50XC91cGxvYWRzXC8yMDIzXC8wNFwvSU1HXzE2OTguYXZpZiIsInNsaWRlc2hvdyI6ImFiMTY4NTkifQ%3D%3D\" href='https:\/\/www.videostrains.com\/wp-content\/uploads\/2023\/04\/IMG_1698.avif'><img decoding=\"async\" src=\"https:\/\/www.videostrains.com\/wp-content\/uploads\/2023\/04\/IMG_1698.avif\" class=\"attachment-full size-full\" alt=\"\" aria-describedby=\"gallery-1-3907\"><\/a>\n\t\t\t<\/div>\n\t\t\t\t<figcaption class='wp-caption-text gallery-caption' id='gallery-1-3907'>\n\t\t\t\tParis Bourg St Maurice\n\t\t\t\t<\/figcaption><\/figure><figure class='gallery-item'>\n\t\t\t<div class='gallery-icon '>\n\t\t\t\t<a data-elementor-open-lightbox=\"yes\" data-elementor-lightbox-slideshow=\"ab16859\" data-elementor-lightbox-title=\"IMG_1706\" data-e-action-hash=\"#elementor-action%3Aaction%3Dlightbox%26settings%3DeyJpZCI6MzkwOCwidXJsIjoiaHR0cHM6XC9cL3d3dy52aWRlb3N0cmFpbnMuY29tXC93cC1jb250ZW50XC91cGxvYWRzXC8yMDIzXC8wNFwvSU1HXzE3MDYuYXZpZiIsInNsaWRlc2hvdyI6ImFiMTY4NTkifQ%3D%3D\" href='https:\/\/www.videostrains.com\/wp-content\/uploads\/2023\/04\/IMG_1706.avif'><img decoding=\"async\" src=\"https:\/\/www.videostrains.com\/wp-content\/uploads\/2023\/04\/IMG_1706.avif\" class=\"attachment-full size-full\" alt=\"\" aria-describedby=\"gallery-1-3908\"><\/a>\n\t\t\t<\/div>\n\t\t\t\t<figcaption class='wp-caption-text gallery-caption' id='gallery-1-3908'>\n\t\t\t\tPour l&rsquo;apr\u00e8s midi,j&rsquo;avais pr\u00e9vu d&rsquo;aller dans la courbe de Montferrand.  J&rsquo;arrive juste \u00e0 temps pour cette compo atypique sur cette ligne,le Chamb\u00e9ry Amb\u00e9rieu en UM2 de X73500\n\t\t\t\t<\/figcaption><\/figure><figure class='gallery-item'>\n\t\t\t<div class='gallery-icon '>\n\t\t\t\t<a data-elementor-open-lightbox=\"yes\" data-elementor-lightbox-slideshow=\"ab16859\" data-elementor-lightbox-title=\"IMG_1714\" data-e-action-hash=\"#elementor-action%3Aaction%3Dlightbox%26settings%3DeyJpZCI6MzkwOSwidXJsIjoiaHR0cHM6XC9cL3d3dy52aWRlb3N0cmFpbnMuY29tXC93cC1jb250ZW50XC91cGxvYWRzXC8yMDIzXC8wNFwvSU1HXzE3MTQuYXZpZiIsInNsaWRlc2hvdyI6ImFiMTY4NTkifQ%3D%3D\" href='https:\/\/www.videostrains.com\/wp-content\/uploads\/2023\/04\/IMG_1714.avif'><img decoding=\"async\" src=\"https:\/\/www.videostrains.com\/wp-content\/uploads\/2023\/04\/IMG_1714.avif\" class=\"attachment-full size-full\" alt=\"\" aria-describedby=\"gallery-1-3909\"><\/a>\n\t\t\t<\/div>\n\t\t\t\t<figcaption class='wp-caption-text gallery-caption' id='gallery-1-3909'>\n\t\t\t\tLes personnes rencontr\u00e9es plus t\u00f4t arrivent \u00e0 leur tour,ce qui permet de disctuer en attendant les trains.  Voici le train d&rsquo;eau d&rsquo;Evian Publier\/Amb\u00e9rieu en Bugey,tract\u00e9 par la BB37049 et pouss\u00e9 par la BB37030 de l&rsquo;op\u00e9rateur R\u00e9giorail\n\t\t\t\t<\/figcaption><\/figure>\n\t\t<\/div>\n\t\t<\/div>\n\t\t\t\t\t\t<\/div>\n\t\t\t\t<\/div>\n\t\t\t\t\t<\/div>\n\t\t<\/div>\n\t\t\t\t\t<\/div>\n\t\t<\/section>\n\t\t\t\t\t<\/div>\n\t\t<\/div>\n\t\t\t\t\t<\/div>\n\t\t<\/section>\n\t\t\t\t<\/div>\n\t\t","protected":false},"excerpt":{"rendered":"<p>Vallee de l&rsquo;albarine en janvier 2022 Nombreux trains de fret en vall\u00e9e de l&rsquo;albarine. Alors que j&rsquo;avais pr\u00e9vu de prendre une autre destination,un dernier coup d&rsquo;oeil sur la m\u00e9t\u00e9o m&rsquo;a fait changer d&rsquo;avis. Ce samedi,direction la ligne Amb\u00e9rieu en Bugey\/Culoz,essentiellement pour faire la star du moment,le TGV Italien. Arriv\u00e9 t\u00f4t,les ombres sont encore tr\u00e8s pr\u00e9sentes;je me contente donc de ne faire que de la vid\u00e9o \u00e0 Cheignieu la balme. Mais un courant d&rsquo;air glacial m&rsquo;a forc\u00e9 \u00e0 partir plus t\u00f4t que pr\u00e9vu pour Virieu le Grand. Pendant mon attente,voila qu&rsquo;arrive une \u00e9quipe de photographes dont P&#8230;.. Alors qu&rsquo;ils partent plus loin,je reste sur place. Premi\u00e8re photo de la journ\u00e9e,voici enfin La fl\u00eache rouge en provenance de Milan et \u00e0 destination de Paris via Lyon Profitant d&rsquo;un temporaire arr\u00eat des circulations,je vais \u00e0 La Cluse des hopitaux pour faire le Thalys qui vient de reprendre du service. Voici un TGV Inoui en provenance de Paris pour Bourg St Maurice. Je disais quoi d\u00e9ja,quelques lignes plus haut en le comparant \u00e0 la Fresciarossa ? Malheureusement,le soleil sera dans l&rsquo;axe pour le prochain train int\u00e9ressant. Donc je retourne \u00e0 Cheignieu la balme,o\u00f9 je retrouverai l&rsquo;\u00e9quipage du matin. Aucun autre endroit pour le faire,donc on s&rsquo;en contente,et avec un cadrage vertical qui me parait mieux adapt\u00e9. Un Lyon Gen\u00eave heureusement tract\u00e9 par la BB22266 bien propre Thalys fait son come back dans les Alpes,voici le TGV Bruxelles\/Bourg St Maurice en rame PBA Il est suivi de peu par 2 frets dont ces deux primas grises en UM pour ce Amb\u00e9rieu\/Publier Je tente le coup de partir pour faire le second \u00e0 La Cluse des Hopitaux. Tout juste arriv\u00e9,voici que se pointe le Amb\u00e9rieu en Bugey\/Modane,surnomm\u00e9 San P\u00e9l\u00e9grino. Il est tract\u00e9 par les BB E37517 et BB E37526 Paris Bourg St Maurice Pour l&rsquo;apr\u00e8s midi,j&rsquo;avais pr\u00e9vu d&rsquo;aller dans la courbe de Montferrand. J&rsquo;arrive juste \u00e0 temps pour cette compo atypique sur cette ligne,le Chamb\u00e9ry Amb\u00e9rieu en UM2 de X73500 Les personnes rencontr\u00e9es plus t\u00f4t arrivent \u00e0 leur tour,ce qui permet de disctuer en attendant les trains. Voici le train d&rsquo;eau d&rsquo;Evian Publier\/Amb\u00e9rieu en Bugey,tract\u00e9 par la BB37049 et pouss\u00e9 par la BB37030 de l&rsquo;op\u00e9rateur R\u00e9giorail<\/p>\n","protected":false},"author":2,"featured_media":0,"parent":0,"menu_order":90,"comment_status":"closed","ping_status":"closed","template":"","meta":{"ocean_post_layout":"","ocean_both_sidebars_style":"","ocean_both_sidebars_content_width":0,"ocean_both_sidebars_sidebars_width":0,"ocean_sidebar":"0","ocean_second_sidebar":"0","ocean_disable_margins":"enable","ocean_add_body_class":"","ocean_shortcode_before_top_bar":"","ocean_shortcode_after_top_bar":"","ocean_shortcode_before_header":"","ocean_shortcode_after_header":"","ocean_has_shortcode":"","ocean_shortcode_after_title":"","ocean_shortcode_before_footer_widgets":"","ocean_shortcode_after_footer_widgets":"","ocean_shortcode_before_footer_bottom":"","ocean_shortcode_after_footer_bottom":"","ocean_display_top_bar":"default","ocean_display_header":"default","ocean_header_style":"","ocean_center_header_left_menu":"0","ocean_custom_header_template":"0","ocean_custom_logo":0,"ocean_custom_retina_logo":0,"ocean_custom_logo_max_width":0,"ocean_custom_logo_tablet_max_width":0,"ocean_custom_logo_mobile_max_width":0,"ocean_custom_logo_max_height":0,"ocean_custom_logo_tablet_max_height":0,"ocean_custom_logo_mobile_max_height":0,"ocean_header_custom_menu":"0","ocean_menu_typo_font_family":"0","ocean_menu_typo_font_subset":"","ocean_menu_typo_font_size":0,"ocean_menu_typo_font_size_tablet":0,"ocean_menu_typo_font_size_mobile":0,"ocean_menu_typo_font_size_unit":"px","ocean_menu_typo_font_weight":"","ocean_menu_typo_font_weight_tablet":"","ocean_menu_typo_font_weight_mobile":"","ocean_menu_typo_transform":"","ocean_menu_typo_transform_tablet":"","ocean_menu_typo_transform_mobile":"","ocean_menu_typo_line_height":0,"ocean_menu_typo_line_height_tablet":0,"ocean_menu_typo_line_height_mobile":0,"ocean_menu_typo_line_height_unit":"","ocean_menu_typo_spacing":0,"ocean_menu_typo_spacing_tablet":0,"ocean_menu_typo_spacing_mobile":0,"ocean_menu_typo_spacing_unit":"","ocean_menu_link_color":"","ocean_menu_link_color_hover":"","ocean_menu_link_color_active":"","ocean_menu_link_background":"","ocean_menu_link_hover_background":"","ocean_menu_link_active_background":"","ocean_menu_social_links_bg":"","ocean_menu_social_hover_links_bg":"","ocean_menu_social_links_color":"","ocean_menu_social_hover_links_color":"","ocean_disable_title":"default","ocean_disable_heading":"default","ocean_post_title":"","ocean_post_subheading":"","ocean_post_title_style":"","ocean_post_title_background_color":"","ocean_post_title_background":0,"ocean_post_title_bg_image_position":"","ocean_post_title_bg_image_attachment":"","ocean_post_title_bg_image_repeat":"","ocean_post_title_bg_image_size":"","ocean_post_title_height":0,"ocean_post_title_bg_overlay":0.5,"ocean_post_title_bg_overlay_color":"","ocean_disable_breadcrumbs":"default","ocean_breadcrumbs_color":"","ocean_breadcrumbs_separator_color":"","ocean_breadcrumbs_links_color":"","ocean_breadcrumbs_links_hover_color":"","ocean_display_footer_widgets":"default","ocean_display_footer_bottom":"default","ocean_custom_footer_template":"0","footnotes":""},"class_list":["post-3897","page","type-page","status-publish","hentry","entry"],"_links":{"self":[{"href":"https:\/\/www.videostrains.com\/index.php\/wp-json\/wp\/v2\/pages\/3897","targetHints":{"allow":["GET"]}}],"collection":[{"href":"https:\/\/www.videostrains.com\/index.php\/wp-json\/wp\/v2\/pages"}],"about":[{"href":"https:\/\/www.videostrains.com\/index.php\/wp-json\/wp\/v2\/types\/page"}],"author":[{"embeddable":true,"href":"https:\/\/www.videostrains.com\/index.php\/wp-json\/wp\/v2\/users\/2"}],"replies":[{"embeddable":true,"href":"https:\/\/www.videostrains.com\/index.php\/wp-json\/wp\/v2\/comments?post=3897"}],"version-history":[{"count":4,"href":"https:\/\/www.videostrains.com\/index.php\/wp-json\/wp\/v2\/pages\/3897\/revisions"}],"predecessor-version":[{"id":20406,"href":"https:\/\/www.videostrains.com\/index.php\/wp-json\/wp\/v2\/pages\/3897\/revisions\/20406"}],"wp:attachment":[{"href":"https:\/\/www.videostrains.com\/index.php\/wp-json\/wp\/v2\/media?parent=3897"}],"curies":[{"name":"wp","href":"https:\/\/api.w.org\/{rel}","templated":true}]}}